{"id":492,"date":"2022-07-01T12:52:11","date_gmt":"2022-07-01T10:52:11","guid":{"rendered":"http:\/\/wordpress2211916.home.pl\/autoinstalator\/wordpresswoocommerce1\/?page_id=492"},"modified":"2022-08-10T07:35:19","modified_gmt":"2022-08-10T05:35:19","slug":"oferta","status":"publish","type":"page","link":"http:\/\/arm-medica.com\/index.php\/oferta\/","title":{"rendered":"Oferta"},"content":{"rendered":"\t\t<div data-elementor-type=\"wp-page\" data-elementor-id=\"492\" class=\"elementor elementor-492\">\n\t\t\t\t\t\t<section class=\"penci-section penci-disSticky penci-structure-20 elementor-section elementor-top-section elementor-element elementor-element-7509fed elementor-section-boxed elementor-section-height-default elementor-section-height-default\" data-id=\"7509fed\" data-element_type=\"section\">\n\t\t\t\t\t\t<div class=\"elementor-container elementor-column-gap-default\">\n\t\t\t\t\t<div class=\"penci-ercol-50 penci-ercol-order-1 penci-sticky-ct  elementor-column elementor-col-50 elementor-top-column elementor-element elementor-element-ea99a31\" data-id=\"ea99a31\" data-element_type=\"column\">\n\t\t\t<div class=\"elementor-widget-wrap elementor-element-populated\">\n\t\t\t\t\t\t<div class=\"elementor-element elementor-element-d5a9b18 elementor-arrows-position-inside elementor-widget elementor-widget-image-carousel\" data-id=\"d5a9b18\" data-element_type=\"widget\" data-settings=\"{&quot;slides_to_show&quot;:&quot;1&quot;,&quot;navigation&quot;:&quot;arrows&quot;,&quot;autoplay_speed&quot;:2000,&quot;effect&quot;:&quot;fade&quot;,&quot;autoplay&quot;:&quot;yes&quot;,&quot;pause_on_hover&quot;:&quot;yes&quot;,&quot;pause_on_interaction&quot;:&quot;yes&quot;,&quot;infinite&quot;:&quot;yes&quot;,&quot;speed&quot;:500}\" data-widget_type=\"image-carousel.default\">\n\t\t\t\t<div class=\"elementor-widget-container\">\n\t\t\t\t\t\t\t<div class=\"elementor-image-carousel-wrapper swiper\" role=\"region\" aria-roledescription=\"carousel\" aria-label=\"Karuzela obrazk\u00f3w\" dir=\"ltr\">\n\t\t\t<div class=\"elementor-image-carousel swiper-wrapper\" aria-live=\"off\">\n\t\t\t\t\t\t\t\t<div class=\"swiper-slide\" role=\"group\" aria-roledescription=\"slide\" aria-label=\"1 z 15\"><figure class=\"swiper-slide-inner\"><img decoding=\"async\" class=\"swiper-slide-image\" src=\"http:\/\/arm-medica.com\/wp-content\/uploads\/2022\/07\/a-780x516.jpg\" alt=\"a\" \/><\/figure><\/div><div class=\"swiper-slide\" role=\"group\" aria-roledescription=\"slide\" aria-label=\"2 z 15\"><figure class=\"swiper-slide-inner\"><img decoding=\"async\" class=\"swiper-slide-image\" src=\"http:\/\/arm-medica.com\/wp-content\/uploads\/2022\/07\/b-780x516.jpg\" alt=\"b\" \/><\/figure><\/div><div class=\"swiper-slide\" role=\"group\" aria-roledescription=\"slide\" aria-label=\"3 z 15\"><figure class=\"swiper-slide-inner\"><img decoding=\"async\" class=\"swiper-slide-image\" src=\"http:\/\/arm-medica.com\/wp-content\/uploads\/2022\/07\/c-780x516.jpg\" alt=\"c\" \/><\/figure><\/div><div class=\"swiper-slide\" role=\"group\" aria-roledescription=\"slide\" aria-label=\"4 z 15\"><figure class=\"swiper-slide-inner\"><img decoding=\"async\" class=\"swiper-slide-image\" src=\"http:\/\/arm-medica.com\/wp-content\/uploads\/2022\/07\/d-780x516.jpg\" alt=\"d\" \/><\/figure><\/div><div class=\"swiper-slide\" role=\"group\" aria-roledescription=\"slide\" aria-label=\"5 z 15\"><figure class=\"swiper-slide-inner\"><img decoding=\"async\" class=\"swiper-slide-image\" src=\"http:\/\/arm-medica.com\/wp-content\/uploads\/2022\/07\/e-780x516.jpg\" alt=\"e\" \/><\/figure><\/div><div class=\"swiper-slide\" role=\"group\" aria-roledescription=\"slide\" aria-label=\"6 z 15\"><figure class=\"swiper-slide-inner\"><img decoding=\"async\" class=\"swiper-slide-image\" src=\"http:\/\/arm-medica.com\/wp-content\/uploads\/2022\/07\/f-780x516.jpg\" alt=\"f\" \/><\/figure><\/div><div class=\"swiper-slide\" role=\"group\" aria-roledescription=\"slide\" aria-label=\"7 z 15\"><figure class=\"swiper-slide-inner\"><img decoding=\"async\" class=\"swiper-slide-image\" src=\"http:\/\/arm-medica.com\/wp-content\/uploads\/2022\/07\/g-780x516.jpg\" alt=\"g\" \/><\/figure><\/div><div class=\"swiper-slide\" role=\"group\" aria-roledescription=\"slide\" aria-label=\"8 z 15\"><figure class=\"swiper-slide-inner\"><img decoding=\"async\" class=\"swiper-slide-image\" src=\"http:\/\/arm-medica.com\/wp-content\/uploads\/2022\/07\/h-780x516.jpg\" alt=\"h\" \/><\/figure><\/div><div class=\"swiper-slide\" role=\"group\" aria-roledescription=\"slide\" aria-label=\"9 z 15\"><figure class=\"swiper-slide-inner\"><img decoding=\"async\" class=\"swiper-slide-image\" src=\"http:\/\/arm-medica.com\/wp-content\/uploads\/2022\/07\/i-780x516.jpg\" alt=\"i\" \/><\/figure><\/div><div class=\"swiper-slide\" role=\"group\" aria-roledescription=\"slide\" aria-label=\"10 z 15\"><figure class=\"swiper-slide-inner\"><img decoding=\"async\" class=\"swiper-slide-image\" src=\"http:\/\/arm-medica.com\/wp-content\/uploads\/2022\/07\/j-780x516.jpg\" alt=\"j\" \/><\/figure><\/div><div class=\"swiper-slide\" role=\"group\" aria-roledescription=\"slide\" aria-label=\"11 z 15\"><figure class=\"swiper-slide-inner\"><img decoding=\"async\" class=\"swiper-slide-image\" src=\"http:\/\/arm-medica.com\/wp-content\/uploads\/2022\/07\/k-780x516.jpg\" alt=\"k\" \/><\/figure><\/div><div class=\"swiper-slide\" role=\"group\" aria-roledescription=\"slide\" aria-label=\"12 z 15\"><figure class=\"swiper-slide-inner\"><img decoding=\"async\" class=\"swiper-slide-image\" src=\"http:\/\/arm-medica.com\/wp-content\/uploads\/2022\/07\/l-780x516.jpg\" alt=\"l\" \/><\/figure><\/div><div class=\"swiper-slide\" role=\"group\" aria-roledescription=\"slide\" aria-label=\"13 z 15\"><figure class=\"swiper-slide-inner\"><img decoding=\"async\" class=\"swiper-slide-image\" src=\"http:\/\/arm-medica.com\/wp-content\/uploads\/2022\/07\/m-780x516.jpg\" alt=\"m\" \/><\/figure><\/div><div class=\"swiper-slide\" role=\"group\" aria-roledescription=\"slide\" aria-label=\"14 z 15\"><figure class=\"swiper-slide-inner\"><img decoding=\"async\" class=\"swiper-slide-image\" src=\"http:\/\/arm-medica.com\/wp-content\/uploads\/2022\/07\/n-780x516.jpg\" alt=\"n\" \/><\/figure><\/div><div class=\"swiper-slide\" role=\"group\" aria-roledescription=\"slide\" aria-label=\"15 z 15\"><figure class=\"swiper-slide-inner\"><img decoding=\"async\" class=\"swiper-slide-image\" src=\"http:\/\/arm-medica.com\/wp-content\/uploads\/2022\/07\/r-780x516.jpg\" alt=\"r\" \/><\/figure><\/div>\t\t\t<\/div>\n\t\t\t\t\t\t\t\t\t\t\t\t<div class=\"elementor-swiper-button elementor-swiper-button-prev\" role=\"button\" tabindex=\"0\">\n\t\t\t\t\t\t<i aria-hidden=\"true\" class=\"eicon-chevron-left\"><\/i>\t\t\t\t\t<\/div>\n\t\t\t\t\t<div class=\"elementor-swiper-button elementor-swiper-button-next\" role=\"button\" tabindex=\"0\">\n\t\t\t\t\t\t<i aria-hidden=\"true\" class=\"eicon-chevron-right\"><\/i>\t\t\t\t\t<\/div>\n\t\t\t\t\n\t\t\t\t\t\t\t\t\t<\/div>\n\t\t\t\t\t\t<\/div>\n\t\t\t\t<\/div>\n\t\t\t\t\t<\/div>\n\t\t<\/div>\n\t\t\t\t<div class=\"penci-ercol-50 penci-ercol-order-2 penci-sticky-ct  elementor-column elementor-col-50 elementor-top-column elementor-element elementor-element-1478811\" data-id=\"1478811\" data-element_type=\"column\">\n\t\t\t<div class=\"elementor-widget-wrap elementor-element-populated\">\n\t\t\t\t\t\t<div class=\"elementor-element elementor-element-5f88190 elementor-widget elementor-widget-text-editor\" data-id=\"5f88190\" data-element_type=\"widget\" data-widget_type=\"text-editor.default\">\n\t\t\t\t<div class=\"elementor-widget-container\">\n\t\t\t\t\t\t\t\t\t<p>Nasze sklepy medyczne stworzone s\u0105 z my\u015bl\u0105 o wszystkich osobach, kt\u00f3re potrzebuj\u0105 zar\u00f3wno artyku\u0142\u00f3w medycznych, odzie\u017c medyczn\u0105, czy te\u017c sprz\u0119t ortopedyczny. Stawiamy&nbsp;na wysok\u0105 jako\u015b\u0107 obs\u0142ugi klienta. Dbamy o to, by ka\u017cdy klient, kt\u00f3ry przekroczy\u0142 pr\u00f3g naszego sklepu wyszed\u0142 zadowolony.<\/p>\n<p><b>arm-medica <\/b>&nbsp;jest Pa\u0144stwu w stanie zaoferowa\u0107 <b>pe\u0142ny asortyment towar\u00f3w potrzebnych do skutecznej rehabilitacji i rekonwalescencji<\/b>. W naszych sklepach &nbsp;znajd\u0105 Pa\u0144stwo zar\u00f3wno bogaty wyb\u00f3r chodzik\u00f3w, balkonik\u00f3w, podp\u00f3rek oraz w\u00f3zk\u00f3w inwalidzkich. Wszystko to, co z pewno\u015bci\u0105 pomo\u017ce pokona\u0107 bariery architektoniczne osobom starszym lub niepe\u0142nosprawnym.<\/p>\n<p><b>Posiadamy &nbsp;r\u00f3wnie\u017c w swojej ofercie produkty dla os\u00f3b po chemioterapii<\/b>. W naszym asortymencie mamy: chusty i turbany po chemioterapii, peruki zar\u00f3wno z w\u0142os\u00f3w naturalnych, jak i syntetycznych, a tak\u017ce kosmetyki do ich piel\u0119gnacji. W naszym sklepie pracownik pomo\u017ce Pa\u0144stwu dobra\u0107 odpowiednie nakrycie g\u0142owy dla siebie, lub te\u017c chorej osobie na prezent.<\/p>\t\t\t\t\t\t\t\t<\/div>\n\t\t\t\t<\/div>\n\t\t\t\t\t<\/div>\n\t\t<\/div>\n\t\t\t\t\t<\/div>\n\t\t<\/section>\n\t\t\t\t<section class=\"penci-section penci-disSticky penci-structure-20 elementor-section elementor-top-section elementor-element elementor-element-4bbf763 elementor-section-boxed elementor-section-height-default elementor-section-height-default\" data-id=\"4bbf763\" data-element_type=\"section\">\n\t\t\t\t\t\t<div class=\"elementor-container elementor-column-gap-default\">\n\t\t\t\t\t<div class=\"penci-ercol-50 penci-ercol-order-1 penci-sticky-ct  elementor-column elementor-col-50 elementor-top-column elementor-element elementor-element-c04a23d\" data-id=\"c04a23d\" data-element_type=\"column\">\n\t\t\t<div class=\"elementor-widget-wrap elementor-element-populated\">\n\t\t\t\t\t\t<div class=\"elementor-element elementor-element-90a3b67 elementor-widget elementor-widget-text-editor\" data-id=\"90a3b67\" data-element_type=\"widget\" data-widget_type=\"text-editor.default\">\n\t\t\t\t<div class=\"elementor-widget-container\">\n\t\t\t\t\t\t\t\t\t<p><strong>Poni\u017cej g\u0142\u00f3wne grupy produkt\u00f3w znajduj\u0105ce si\u0119 w ofercie naszych sklep\u00f3w:<\/strong><\/p><ul><li>W\u00f3zki inwalidzkie (stalowe, aluminiowe, specjalne)<\/li><li>W\u00f3zki elektryczne i skutery<\/li><li>Balkoniki, podp\u00f3rki<\/li><li>Kule, laski<\/li><li>Sprz\u0119t toaletowy<\/li><li>\u0141\u00f3\u017cka rehabilitacyjne<\/li><li>Materace i poduszki przeciwodle\u017cynowe<\/li><li>Ortezy, stabilizatory<\/li><li>Pasy, sznur\u00f3wki<\/li><li>Ci\u015bnieniomierze, termometry, inhalatory<\/li><li>Artyku\u0142y przeciw\u017cylakowe<\/li><li>Pieluchomajtki (Tena, Seni, Hartmann)<\/li><li>Peruki<\/li><li>Protezy piersi<\/li><li>Sprz\u0119t stomijny<\/li><li>Inny sprz\u0119t rehabilitacyjny, ortopedyczny i medyczny<\/li><\/ul>\t\t\t\t\t\t\t\t<\/div>\n\t\t\t\t<\/div>\n\t\t\t\t\t<\/div>\n\t\t<\/div>\n\t\t\t\t<div class=\"penci-ercol-50 penci-ercol-order-2 penci-sticky-ct  elementor-column elementor-col-50 elementor-top-column elementor-element elementor-element-78a355e\" data-id=\"78a355e\" data-element_type=\"column\">\n\t\t\t<div class=\"elementor-widget-wrap elementor-element-populated\">\n\t\t\t\t\t\t<div class=\"elementor-element elementor-element-87565a8 elementor-widget elementor-widget-image\" data-id=\"87565a8\" data-element_type=\"widget\" data-widget_type=\"image.default\">\n\t\t\t\t<div class=\"elementor-widget-container\">\n\t\t\t\t\t\t\t\t\t\t\t\t\t\t\t<img fetchpriority=\"high\" decoding=\"async\" width=\"585\" height=\"585\" src=\"http:\/\/arm-medica.com\/wp-content\/uploads\/2022\/06\/A1-585x585.jpg\" class=\"attachment-penci-thumb-square size-penci-thumb-square wp-image-337\" alt=\"\" srcset=\"http:\/\/arm-medica.com\/wp-content\/uploads\/2022\/06\/A1-585x585.jpg 585w, http:\/\/arm-medica.com\/wp-content\/uploads\/2022\/06\/A1-150x150.jpg 150w, http:\/\/arm-medica.com\/wp-content\/uploads\/2022\/06\/A1-300x300.jpg 300w, http:\/\/arm-medica.com\/wp-content\/uploads\/2022\/06\/A1-100x100.jpg 100w\" sizes=\"(max-width: 585px) 100vw, 585px\" \/>\t\t\t\t\t\t\t\t\t\t\t\t\t\t\t<\/div>\n\t\t\t\t<\/div>\n\t\t\t\t\t<\/div>\n\t\t<\/div>\n\t\t\t\t\t<\/div>\n\t\t<\/section>\n\t\t\t\t<section class=\"penci-section penci-disSticky penci-structure-10 elementor-section elementor-top-section elementor-element elementor-element-41ef50a elementor-section-boxed elementor-section-height-default elementor-section-height-default\" data-id=\"41ef50a\" data-element_type=\"section\">\n\t\t\t\t\t\t<div class=\"elementor-container elementor-column-gap-default\">\n\t\t\t\t\t<div class=\"penci-ercol-100 penci-ercol-order-1 penci-sticky-ct  elementor-column elementor-col-100 elementor-top-column elementor-element elementor-element-9898715\" data-id=\"9898715\" data-element_type=\"column\">\n\t\t\t<div class=\"elementor-widget-wrap elementor-element-populated\">\n\t\t\t\t\t\t<div class=\"elementor-element elementor-element-d60dd6e elementor-widget elementor-widget-penci-image-gallery\" data-id=\"d60dd6e\" data-element_type=\"widget\" data-widget_type=\"penci-image-gallery.default\">\n\t\t\t\t<div class=\"elementor-widget-container\">\n\t\t\t\t\t\t\t<div id=\"penci-image_gallery_21902\" class=\"penci-block-vc penci-image-gallery penci-image-gallery-s1 pencisc-grid-3\">\n\t\t\t        <div class=\"penci-border-arrow penci-homepage-title penci-home-latest-posts style-11 pcalign-left pciconp-right pcicon-right block-title-icon-left\">\r\n            <h3 class=\"inner-arrow\">\r\n\t\t\t\t<span>GALERIA<\/a>            <\/h3>\r\n        <\/div>\r\n\t\t\t\t\t<div class=\"penci-block_content  pencisc-grid\">\n\t\t\t\t                <div class=\"penci-gallery-item penci-galitem-1\">\n                    <a class=\"penci-gallery-ite penci-image-holder penci-lazy\"  data-bgset=\"http:\/\/arm-medica.com\/wp-content\/uploads\/2022\/07\/43-004.jpg\"                       href=\"http:\/\/arm-medica.com\/wp-content\/uploads\/2022\/07\/43-004.jpg\" >\n\t\t\t\t\t\t                        <i class=\"penciicon-expand\"><\/i>\n                    <\/a>\n                <\/div>\n\t\t\t\t                <div class=\"penci-gallery-item penci-galitem-2\">\n                    <a class=\"penci-gallery-ite penci-image-holder penci-lazy\"  data-bgset=\"http:\/\/arm-medica.com\/wp-content\/uploads\/2022\/07\/43-008.jpg\"                       href=\"http:\/\/arm-medica.com\/wp-content\/uploads\/2022\/07\/43-008.jpg\" >\n\t\t\t\t\t\t                        <i class=\"penciicon-expand\"><\/i>\n                    <\/a>\n                <\/div>\n\t\t\t\t                <div class=\"penci-gallery-item penci-galitem-3\">\n                    <a class=\"penci-gallery-ite penci-image-holder penci-lazy\"  data-bgset=\"http:\/\/arm-medica.com\/wp-content\/uploads\/2022\/07\/286B-768x749.jpg\"                       href=\"http:\/\/arm-medica.com\/wp-content\/uploads\/2022\/07\/286B-1170x1141.jpg\" >\n\t\t\t\t\t\t                        <i class=\"penciicon-expand\"><\/i>\n                    <\/a>\n                <\/div>\n\t\t\t\t                <div class=\"penci-gallery-item penci-galitem-4\">\n                    <a class=\"penci-gallery-ite penci-image-holder penci-lazy\"  data-bgset=\"http:\/\/arm-medica.com\/wp-content\/uploads\/2022\/07\/Inovys-2-ES-relaxing-position-1-and-2-768x481.jpg\"                       href=\"http:\/\/arm-medica.com\/wp-content\/uploads\/2022\/07\/Inovys-2-ES-relaxing-position-1-and-2.jpg\" >\n\t\t\t\t\t\t                        <i class=\"penciicon-expand\"><\/i>\n                    <\/a>\n                <\/div>\n\t\t\t\t                <div class=\"penci-gallery-item penci-galitem-5\">\n                    <a class=\"penci-gallery-ite penci-image-holder penci-lazy\"  data-bgset=\"http:\/\/arm-medica.com\/wp-content\/uploads\/2022\/07\/Inovys-2-maxi-confort-3q-view.jpg\"                       href=\"http:\/\/arm-medica.com\/wp-content\/uploads\/2022\/07\/Inovys-2-maxi-confort-3q-view.jpg\" >\n\t\t\t\t\t\t                        <i class=\"penciicon-expand\"><\/i>\n                    <\/a>\n                <\/div>\n\t\t\t\t                <div class=\"penci-gallery-item penci-galitem-6\">\n                    <a class=\"penci-gallery-ite penci-image-holder penci-lazy\"  data-bgset=\"http:\/\/arm-medica.com\/wp-content\/uploads\/2022\/07\/Inovys-II-mokka-3Q-view.jpg\"                       href=\"http:\/\/arm-medica.com\/wp-content\/uploads\/2022\/07\/Inovys-II-mokka-3Q-view.jpg\" >\n\t\t\t\t\t\t                        <i class=\"penciicon-expand\"><\/i>\n                    <\/a>\n                <\/div>\n\t\t\t\t                <div class=\"penci-gallery-item penci-galitem-7\">\n                    <a class=\"penci-gallery-ite penci-image-holder penci-lazy\"  data-bgset=\"http:\/\/arm-medica.com\/wp-content\/uploads\/2022\/07\/Inovys-II-mokka-relaxing-view-double-position-768x511.jpg\"                       href=\"http:\/\/arm-medica.com\/wp-content\/uploads\/2022\/07\/Inovys-II-mokka-relaxing-view-double-position.jpg\" >\n\t\t\t\t\t\t                        <i class=\"penciicon-expand\"><\/i>\n                    <\/a>\n                <\/div>\n\t\t\t\t                <div class=\"penci-gallery-item penci-galitem-8\">\n                    <a class=\"penci-gallery-ite penci-image-holder penci-lazy\"  data-bgset=\"http:\/\/arm-medica.com\/wp-content\/uploads\/2022\/07\/Luna-2-basic-100x135-high-quality-1-768x565.jpg\"                       href=\"http:\/\/arm-medica.com\/wp-content\/uploads\/2022\/07\/Luna-2-basic-100x135-high-quality-1-1170x861.jpg\" >\n\t\t\t\t\t\t                        <i class=\"penciicon-expand\"><\/i>\n                    <\/a>\n                <\/div>\n\t\t\t\t                <div class=\"penci-gallery-item penci-galitem-9\">\n                    <a class=\"penci-gallery-ite penci-image-holder penci-lazy\"  data-bgset=\"http:\/\/arm-medica.com\/wp-content\/uploads\/2022\/07\/Jazz-S50-C27-768x481.jpg\"                       href=\"http:\/\/arm-medica.com\/wp-content\/uploads\/2022\/07\/Jazz-S50-C27.jpg\" >\n\t\t\t\t\t\t                        <i class=\"penciicon-expand\"><\/i>\n                    <\/a>\n                <\/div>\n\t\t\t\t\t\t\t<\/div>\n\t\t<\/div>\n\t\t\t\t\t\t<\/div>\n\t\t\t\t<\/div>\n\t\t\t\t\t<\/div>\n\t\t<\/div>\n\t\t\t\t\t<\/div>\n\t\t<\/section>\n\t\t\t\t<\/div>\n\t\t","protected":false},"excerpt":{"rendered":"<p>Poprzednie Nast\u0119pne Nasze sklepy medyczne stworzone s\u0105 z my\u015bl\u0105 o wszystkich osobach, kt\u00f3re potrzebuj\u0105 zar\u00f3wno artyku\u0142\u00f3w medycznych, odzie\u017c medyczn\u0105, czy te\u017c sprz\u0119t ortopedyczny. Stawiamy&nbsp;na wysok\u0105 jako\u015b\u0107 obs\u0142ugi klienta. Dbamy o&hellip;<\/p>\n","protected":false},"author":1,"featured_media":0,"parent":0,"menu_order":0,"comment_status":"closed","ping_status":"closed","template":"","meta":{"footnotes":""},"class_list":["post-492","page","type-page","status-publish","hentry"],"_links":{"self":[{"href":"http:\/\/arm-medica.com\/index.php\/wp-json\/wp\/v2\/pages\/492","targetHints":{"allow":["GET"]}}],"collection":[{"href":"http:\/\/arm-medica.com\/index.php\/wp-json\/wp\/v2\/pages"}],"about":[{"href":"http:\/\/arm-medica.com\/index.php\/wp-json\/wp\/v2\/types\/page"}],"author":[{"embeddable":true,"href":"http:\/\/arm-medica.com\/index.php\/wp-json\/wp\/v2\/users\/1"}],"replies":[{"embeddable":true,"href":"http:\/\/arm-medica.com\/index.php\/wp-json\/wp\/v2\/comments?post=492"}],"version-history":[{"count":16,"href":"http:\/\/arm-medica.com\/index.php\/wp-json\/wp\/v2\/pages\/492\/revisions"}],"predecessor-version":[{"id":617,"href":"http:\/\/arm-medica.com\/index.php\/wp-json\/wp\/v2\/pages\/492\/revisions\/617"}],"wp:attachment":[{"href":"http:\/\/arm-medica.com\/index.php\/wp-json\/wp\/v2\/media?parent=492"}],"curies":[{"name":"wp","href":"https:\/\/api.w.org\/{rel}","templated":true}]}}